Suppose -f*m = -163 - 17. Calculate the remainder when m is divided by 13.
10
Calculate the remainder when 2611 is divided by (504/30)/(-6)*(3 + (-264)/3).
231
Let l(j) = 3 - j**2 - j + 8*j - 6*j - 6*j. What is the remainder when l(-4) is divided by 1/(-5) - ((-176)/(-20))/(-4)?
1
Suppose 2083 = b - 2*m, -5*m = 24 + 16. Calculate the remainder when b is divided by 208.
195
Let c(r) = 5448*r + 5505. Let l = 8 - 5. Suppose 3*j - 3*p - 63 = 0, -l*j = -2*j - 3*p - 19. Calculate the remainder when c(-1) is divided by j.
13
Suppose i - 3*z - 37 = 0, z = -3*i - z + 89. Let n = i - 33. What is the remainder when 54 is divided by 1 + 0 + 132/6 + n?
12
Let x(r) = r**3 - 8*r**2 + 8*r + 10. Suppose 4*k - 301 = k - 2*q, 0 = 2*k + 5*q - 197. What is the remainder when k is divided by x(7)?
16
Suppose 3*z - 271 = 5*r - 2572, -2*r = 3*z - 933. Calculate the remainder when r is divided by 131.
69
Let r(o) = o**2 - 28*o + 60. Let b(k) = -k**3 + 7*k**2 - 2*k + 2. Let v be b(6). Let g = -2 - -8. What is the remainder when r(v) is divided by g?
2
Let a = -45 + 94. Suppose -3*c = 3*h - 177, 0*h - 3*h + 2*c = -167. Suppose 2*s - 48 = 4*d, h = -3*s + 5*s + 5*d. What is the remainder when a is divided by s?
23
Let b = -1955 + 1974. What is the remainder when 255 is divided by b?
8
Let w be 1*4 + -1*(-16 - -8). Suppose -w*p + 82 + 386 = 0. Suppose 7*n + 63 = 10*n. Calculate the remainder when p is divided by n.
18
Let o(k) = 8*k - 52. Let s(x) = 6*x - 24. Let p be s(6). Calculate the remainder when o(p) is divided by 18.
8
Calculate the remainder when 3135 is divided by 72 + -10 - -5 - (-3)/(-1).
63
Suppose -832 = -4*l - 160. What is the remainder when l is divided by ((-38)/6)/(7/(-63))?
54
Suppose -42 = -3543*b + 3540*b. What is the remainder when 1618 is divided by b?
8
Suppose -4765 = -19*l + 12392. Suppose -5*i + l + 32 = 0. Calculate the remainder when i is divided by 19.
16
Let v = -24 - -38. Suppose -2*m = -v*m + 360. Calculate the remainder when 89 is divided by m.
29
Let c = -73 - -73. Suppose 7*p + c*p = 119. Suppose 3*z = -5*i + 78, -3*i + 52 = 3*z - 32. Calculate the remainder when z is divided by p.
14
Suppose -2145 = -3*p - 4*c, -2*p + 915 + 535 = -4*c. Calculate the remainder when p is divided by 28.
19
Let j(p) = -p**3 + 15*p - 15. Let z be j(5). What is the remainder when (-75)/6*104/z is divided by 13?
7
Let i(k) = -43. Let l(y) = -y + 87. Let v(m) = 7*i(m) + 3*l(m). Let g be -2 + (-64)/(-34) + 338/(-17). Calculate the remainder when v(g) is divided by 4.
0
Suppose -49*x + 94340 = 15*x + 23428. What is the remainder when x is divided by 552?
4
Suppose 0*m + 2*m - 2 = 0. Let g be ((-34)/4 - -7)/(6/(-20)). Suppose -18 = -g*b - 2*r, b + 0*r + 3*r - 14 = 0. What is the remainder when b is divided by m?
0
Let u = -7341 - -7359. Calculate the remainder when 9143 is divided by u.
17
Let r(z) = 26*z**2 + 8*z - 20. Let k(a) = 9*a**2 + 3*a - 7. Let t(i) = -14*k(i) + 5*r(i). Let d = 9 - 11. Calculate the remainder when t(d) is divided by 4.
2
Suppose 4*q - 29 = -5*z + 82, 0 = 5*q - z - 117. Calculate the remainder when 570/q - (-3)/24*10 is divided by 13.
12
What is the remainder when 418/2717 - (-2694)/(-26)*(-4 - -1) is divided by 139?
33
Calculate the remainder when (1457 - -21) + (-4)/(-12)*21 is divided by 68.
57
Suppose 4*c - 320 = -5*u, 366*u - 365*u - 4 = 0. Calculate the remainder when 281 is divided by c.
56
Let i(q) = 17*q**3 + 3*q**2 + 55*q - 237. Calculate the remainder when i(5) is divided by 5.
3
Calculate the remainder when 2114 is divided by (10773/684)/(10/(-16) - -1).
14
Suppose 13*u = 9*u - 4*v + 124, 3*v = -u + 33. Suppose 12*l - 258 = u. What is the remainder when 70 is divided by l?
22
Suppose 14*y - 7296 = -13*y - 87*y. Calculate the remainder when y is divided by 50.
14
Let j = 26965 + -26865. What is the remainder when 532 is divided by j?
32
What is the remainder when 63 + -75 + (-2 - -712) is divided by 7?
5
Let q(a) = -a**2 + 31*a - 8. What is the remainder when 591 is divided by q(3)?
59
Let u = -447 + 652. Let x = u + 26. What is the remainder when (-48)/64 + x/4 is divided by 15?
12
Let g = 40036 - 39948. Calculate the remainder when 22173 is divided by g.
85
Suppose -16500*n + 3046 = -16479*n - 1280. What is the remainder when 1639 is divided by n?
197
Suppose -3*g = -4*q - 240, -46*g + 4*q = -49*g + 240. What is the remainder when 289 is divided by g?
49
Suppose 18*v - 2146 + 265 - 5877 = 0. Calculate the remainder when v is divided by 15.
11
Let g(k) be the first derivative of k**4/2 - k**3/3 + 5*k**2/2 + 46*k + 106. What is the remainder when 124 is divided by g(0)?
32
Suppose 4*k + 417 = -5*r, -336 = 4*r + 16*k - 12*k. Let n = -30 - r. Calculate the remainder when n is divided by 18.
15
Suppose 3*y - 5*t = 106, 5*y - 635 = 4*t - 454. What is the remainder when 86 is divided by y?
12
Let j(n) = -297*n + 4585. Calculate the remainder when 634 is divided by j(15).
114
Let l(k) = k**3 - k**2 + 2. Let g be l(3). Suppose -g*y + 19*y + 5*c = -131, 2*y - 3*c = 290. Calculate the remainder when y is divided by 22.
19
Suppose 6*p + 0*p = 306. Let o be 84/10*(-2)/(-2)*-5. Let d = o + p. What is the remainder when 32 is divided by d?
5
Suppose -q - 53 = -2*y, -4*y + 1313*q = 1310*q - 113. Let a(u) = 3*u**2 - 3*u - 10. What is the remainder when a(8) is divided by y?
20
Suppose -26 = 3*s - 3*p - 143, 0 = -5*p + 15. Calculate the remainder when 18311 is divided by s.
41
Let p = 125 + -71. Suppose 0 = -1115*h + 1117*h - 5*l - 118, 5*l - 56 = -4*h. Calculate the remainder when p is divided by h.
25
Let u(i) = -735*i**2 + 4450*i + 7. Calculate the remainder when 518 is divided by u(6).
24
Suppose u = 32 - 44. Let w = 37 + -3. Calculate the remainder when w is divided by (9 + u)/(3/(-12) - 0).
10
Let z(f) = -f**3 - 13*f**2 + 12*f + 57. What is the remainder when z(-16) is divided by 12?
9
Let z = 90 - 37. Suppose -605*c - 432*c = -106*c - 20482. Calculate the remainder when z is divided by c.
9
Suppose 2*g - 135 = g. Let t(u) = -3*u**3 + u**2 - 4*u + 5. Let n be t(-4). Let z = n - g. Calculate the remainder when z is divided by 32.
30
Suppose 604*q - 70061 = 102683. What is the remainder when q is divided by 108?
70
Let t(z) = -161*z - 413. Calculate the remainder when t(-5) is divided by 103.
83
Let h(w) = -3*w**3 + 2*w**2 + 4*w - 8. Let o(d) = -13*d**3 + 7*d**2 + 18*d - 33. Let k(l) = 9*h(l) - 2*o(l). Calculate the remainder when 3 is divided by k(2).
1
Let q(o) = -o + 1 - 9 + 6 + 5. Let z be q(1). Suppose z*t - 27 - 5 = 0. Calculate the remainder when 60 is divided by t.
12
Let g(a) = -266*a - 1326. What is the remainder when 135 is divided by g(-5)?
3
Let i(h) = 6*h - 237. Let o be i(40). Suppose 14*b = -o*b + 1071. What is the remainder when b is divided by 19?
6
Let y(g) = -g**2 + 10*g + 17. Let x be y(11). Suppose -x*q + 679 = q. Let w = 8 - -17. Calculate the remainder when q is divided by w.
22
What is the remainder when ((-54)/(-21))/((-4)/(-84)) is divided by 8/308*-11*-49?
12
Let b be (-1791)/18 + 18/4 + -2. Let t = 116 - 205. Let i = t - b. Calculate the remainder when 30 is divided by i.
6
Let q(f) be the third derivative of f**6/120 - f**5/3 + 5*f**4/6 - f**3 + 4*f**2. What is the remainder when 1136/32 - 6/4 is divided by q(19)?
8
Let o be 533 - 10/(-1 - 9). Let r = o - 301. What is the remainder when r is divided by 74?
11
Suppose o + 5*n - 15 = 0, -o - 3*n = 4*o - 9. Suppose 9*f - 465 - 723 = o. Calculate the remainder when f is divided by 48.
36
Suppose 82*u - 426362 + 114024 = 0. Calculate the remainder when u is divided by 15.
14
Let q(x) = -x**3 + x + 10. Suppose -8 = 3*t + 31. Let i(a) = -a**2 - 16*a - 39. Let z be i(t). What is the remainder when q(z) is divided by 3?
1
Let i = 265 + 72. Let f = i - 200. What is the remainder when f is divided by 47?
43
Calculate the remainder when 570 is divided by (-4)/(-64) + (-9972)/(-192).
50
Let r(k) = 5*k**2 - k + 4. Let c = -80767 - -80797. Calculate the remainder when r(3) is divided by c.
16
Let j(r) = 7*r**2 + 10*r - 99. Calculate the remainder when j(6) is divided by 121.
92
Let w = -2589 + 2725. What is the remainder when 813 is divided by w?
133
Suppose 0 = 5*j + 3*x + 2, 4*x + 13 = -3. Suppose j*f + f = -9, 3*c - 4*f = 96. Let q(y) = y + 2. What is the remainder whe